 7, 151
Suppose -s = r + 3, s + 0*s - r = 3. Suppose 3*g - 159 + 22 = 4*t, 5*g + 5*t - 170 = s. What are the prime factors of g?
3, 13
Suppose 16*f - 11*f = -2155. Let z = f + 611. List the prime factors of z.
2, 3, 5
Suppose 19 - 4 = x. Suppose x*n - 1251 = 14*n. List the prime factors of n.
3, 139
Suppose 7*f - 5 = 12*f, -14623 = -3*r + 4*f. What are the prime factors of r?
11, 443
Let t be ((-15)/5)/(45/(-420)). Let i(a) = a**3 - 4*a**2 - 2. Let h be i(5). Let r = h + t. List the prime factors of r.
3, 17
Suppose 5 = 5*h, -5*z - 5*h = -4*z - 5. Suppose -32*a + 31*a + 20 = z. What are the prime factors of a?
2, 5
Let n = 55 - 39. Suppose n*l = 4*l. Suppose 4*r - 2*g - 204 = l, 0*r + 220 = 4*r + 2*g. List the prime factors of r.
53
Let u be 0 + 795 - 5/((-10)/6). Let v = u + -473. Let k = -151 + v. List the prime factors of k.
2, 3, 29
Suppose 219 = 5*u + 4*r, -4*u + 6*r + 167 = r. Suppose 0 = -30*m + u*m - 3276. What are the prime factors of m?
2, 3, 7
Suppose -19*f = -1180 - 302. Suppose -83*m + f*m = -2580. List the prime factors of m.
2, 3, 43
Suppose -4*a = -6*a. Suppose 0 = -3*l + 4*l + i - 234, a = 4*i. Suppose 0*d - d - 2*r + 82 = 0, 3*r - l = -3*d. What are the prime factors of d?
2, 37
Let l = -99 - -104. Let k(n) = 2*n - l*n - 49 - 9*n - 7*n. What are the prime factors of k(-10)?
3, 47
Let m = 10686 + 0. List the prime factors of m.
2, 3, 13, 137
Let d = 161 - 166. List the prime factors of 487 + -3 - (3 + d - 1).
487
Let a(i) = i**3 + 36*i**2 + 49*i + 131. List the prime factors of a(-29).
4597
Let v(o) be the second derivative of 67*o**3/3 - 57*o**2/2 + 2*o - 28. What are the prime factors of v(4)?
479
Suppose 4*z + 34 = 326. Let x be 78*(-3)/9*2. Let d = x + z. List the prime factors of d.
3, 7
Let c = 795 - 801. List the prime factors of 721 + 30/c - 1 - 6.
709
Suppose -24*h = -23*h + 14. Let u(t) = 6*t + 19. Let k be u(h). Let n = k - -156. What are the prime factors of n?
7, 13
Suppose 4*k - 2*q - 101144 = 0, 11*k - 3*q - 126431 = 6*k. List the prime factors of k.
5, 13, 389
Suppose 0 = -4*m + 6*m. Suppose -3*z + t + 466 = m, z + 3*z - 5*t - 625 = 0. List the prime factors of z.
5, 31
Let d be (-56)/(-10) - 18/(-45). Suppose -54 = -5*g - 19. Suppose -g*h + d*h + 107 = 0. List the prime factors of h.
107
Let o(z) = 3*z + 20. Let m = -6 + -1. Let r be o(m). What are the prime factors of r - (5 + -46) - (-4 + 1)?
43
Suppose -3*h - 2*h - 5*j - 25 = 0, 2*j = 4*h + 20. Let r(g) = -4*g**3 - 7*g**2 - 4*g - 3. List the prime factors of r(h).
2, 3, 19
Let j = -77 + 77. Suppose j = -q - 0*q + 511. List the prime factors of q.
7, 73
Suppose -10*j + 178187 = 5*j - 367438. List the prime factors of j.
3, 5, 97
Suppose -9*s - 5*s + 1009476 = 4*s. List the prime factors of s.
2, 3, 13, 719
Let x(i) = -7*i - 59. Let p be x(-5). What are the prime factors of (-4)/(p/(-2))*(-3144)/4?
2, 131
Let q = -53 + -253. Let b = q - -560. List the prime factors of b.
2, 127
Suppose 122 = 4*x - 2*a, -6*x + 5*x + a = -31. List the prime factors of x.
2, 3, 5
Suppose 2*s - 2 = 0, -4*s = -3*t + 396 + 113. List the prime factors of t.
3, 19
Suppose 0 = 19*z + 12*z + 51646. Let m be 2/4*(30 - 0). List the prime factors of z/(-10) + (1 - 9/m).
167
Let t(r) = -r**3 + 3*r**2 - 12*r + 8. Let s(v) = 6*v**3 - 14*v**2 + 61*v - 39. Let l(k) = 2*s(k) + 11*t(k). What are the prime factors of l(6)?
2, 173
Let k be (-3 - -2)/(7/(-14)). Suppose -5*o + h + 744 = -2865, 3*h = k*o - 1454. Suppose x - 2*j = -4*x + o, 0 = -x - j + 147. List the prime factors of x.
5, 29
Suppose -u - 2*l + 27 = 0, u - 3*l - 6 = 21. Suppose -72 = -3*b - u. What are the prime factors of b?
3, 5
Let g = -47 - -23. Suppose -5*t + 114 = -24*w + 28*w, 2*t = -w + 30. Let a = w + g. List the prime factors of a.
2
List the prime factors of 18/12*29*(1032*1 - -2).
3, 11, 29, 47
Suppose -5*n + 53595 = c, 33*c + 20 = 29*c. Suppose 0 = 124*m - 140*m + n. What are the prime factors of m?
2, 5, 67
Suppose y - a = 17, -5*a - 1 + 0 = -y. Suppose -y = -q - 7. Suppose -3*g + q = 4*g. List the prime factors of g.
2
Let g(y) = -2*y + 16. Let x be g(6). Suppose s - j - 18 = x*j, 0 = -s - 5*j - 12. Let o = s - -92. List the prime factors of o.
5, 19
Let q(u) = u**2 - 7*u - 19. Let f be q(9). Let x be -2 - (0/2 - 1) - f. Suppose x = -5*i + 3*t + 202, 16 = -0*t - 4*t. What are the prime factors of i?
2, 19
Suppose -12 + 117 = -7*o. Let p = o - -17. Suppose y = 1, -p*w = y + 2*y - 469. List the prime factors of w.
233
Let k(u) = u**3 - 4*u**2 + u - 4. Let x be k(4). Let n be (35/(-10))/(-7)*x. Suppose n = -6*m + 4*m + 20. List the prime factors of m.
2, 5
Let z = -177 - -192. Suppose -6*q + z*q - 3276 = 0. List the prime factors of q.
2, 7, 13
Suppose 29*l = -4*l + 231086 + 97858. List the prime factors of l.
2, 7, 89
Let j = -18 - -16. Let o be (9 + -9)/(j*1). Suppose -3*t = s - 17, o*t = t. What are the prime factors of s?
17
Let k = 203 - 110. List the prime factors of (-802464)/(-992) - (-6)/k.
809
Suppose 0 = 4*d - 3*s - 14492, -4*s - 14492 = -54*d + 50*d. What are the prime factors of d?
3623
Let l(g) = -g**3 - 99*g**2 + 20*g + 23. List the prime factors of l(-100).
71, 113
Let a(q) = 573*q + 2. Suppose 16*x - 13 = 3*x. List the prime factors of a(x).
5, 23
Let t = 162 - 158. Suppose -r - t*m = -35, -3*r - 5*m + 121 = -m. What are the prime factors of r?
43
Let m(z) = -32*z - 41. Let x = -140 + 135. Let b be m(x). Suppose 115*g + 968 = b*g. List the prime factors of g.
2, 11
Suppose 0 = -5*i + n + 11, -i - 6*n = -4*n. Suppose 0 = 4*o - i + 18. What are the prime factors of 1/(o - (-1071)/267)?
89
Suppose 8 - 56 = -16*p. Suppose 5637 = 4*c + 5*j, -p*j + 834 = c - 577. What are the prime factors of c?
2, 11
Suppose 3*l + 4*n - 5114 = 0, -5*l + 0*n = 3*n - 8538. Suppose -2*x = -2*p + 692, 5*x - p = -0*p - l. Let u = -154 - x. List the prime factors of u.
11, 17
Suppose 2*a - 143 = 25. Let z = -80 + a. Suppose m - 19 = d, z*d = d - 15. List the prime factors of m.
2, 7
Suppose 216589 + 626693 = 33*t. What are the prime factors of t?
2, 3, 4259
Suppose 385*d + 995 = 390*d. Let t = d - 91. List the prime factors of t.
2, 3
Suppose 0 = -36*q + 153331 - 42415. Suppose 78*w - q = 65*w. List the prime factors of w.
3, 79
What are the prime factors of ((-90)/(-40))/(10/38960)?
2, 3, 487
Let w(d) = 6*d**2 + 273*d - 30. What are the prime factors of w(-52)?
2, 3, 37
Let f = 19 + -19. Suppose 5*u = -0*u - f*u. Let z(o) = o**2 + 5*o + 150. List the prime factors of z(u).
2, 3, 5
Let z = 175 - 214. List the prime factors of z/52*(-984)/9.
2, 41
Let s(b) = 3*b**2 + 6*b + 5. Let j be s(-8). Suppose -25 = -396*r + 391*r. Suppose -r*v = -j - 41. List the prime factors of v.
2, 19
Suppose 2*k + 2*x = -k + 332, 3*k + x = 328. Suppose -7*f + 3*f + 84 = 2*t, -5*f - 4*t + k = 0. What are the prime factors of f?
2, 5
Let c be (-15 - -9)/((15/2)/5). Let t be ((-6)/(-3) + -1)/((-2)/c). List the prime factors of ((-1)/t)/(3/(-822)).
137
Suppose 18*i - 798 = 15*i. Let q = -178 + i. What are the prime factors of q?
2, 11
Let x be -2*28/(-16)*-2. What are the prime factors of x - (-6 - (-7 - -157))?
149
Suppose -150 = -2*s - 146. List the prime factors of ((-31484)/(-170))/(s/5).
463
Let x(w) be the second derivative of -w**3/6 + 8*w**2 + 20*w. Let t be x(11). Suppose -t*p + 0*p - 87 = -4*i, -4*i + 2*p + 90 = 0. List the prime factors of i.
23
Suppose 3*f = -34*l + 37*l - 45993, -30692 = -2*l - 4*f. List the prime factors of l.
2, 3, 71
Let o be (-9)/5*((-200)/12)/5. Suppose 2*b = -2*t + 434, -2*t = -b - o*t + 220. Suppose b = -2*c + 6*c. List the prime factors of c.
2, 3
Suppose 407*g - 104*g - 4468644 = 0. List the prime factors of g.
2, 3, 1229
What are the prime factors of -1 - (-115612)/3 - ((-16)/12)/2?
89, 433
Let p be ((-19)/(-57))/(3/(-567)). List the prime factors of (-33593)/p - 2/9.
13, 41
Let x = 11 + -7. Let m(d) = -10035*d**3 - 4*d**2 + 6 + 10038*d**3 - 11*d + 2*d. List the prime factors of m(x).
2, 7
Let q = 77 + -74. Let o = 15 + -55. List the prime factors of 870/o*(-16)/q.
2, 29
Let c = 8464 - -10772. List the prime factors of c.
2, 3, 7, 229
Suppose 3*h - 5 = -2*h. Let b(s) = 8*s + 10 + 57*s + 56*s - 10. What are the prime factors of b(h)?
11
Let q = -7552 + 11392. Suppose 0 = -20*h + 16*h + q. Suppose -10*b + h = -5*b. Li